at is the tens digit of 23325769?
6
What is the thousands digit of 18792366?
2
What is the hundreds digit of 4005280?
2
What is the hundred thousands digit of 1756656?
7
What is the hundreds digit of 6393481?
4
What is the tens digit of 2496651?
5
What is the thousands digit of 2904682?
4
What is the thousands digit of 15377321?
7
What is the hundred thousands digit of 254211?
2
What is the hundreds digit of 109204?
2
What is the ten thousands digit of 1538732?
3
What is the units digit of 3572779?
9
What is the units digit of 1445569?
9
What is the units digit of 1967548?
8
What is the hundred thousands digit of 723261?
7
What is the hundred thousands digit of 5029042?
0
What is the thousands digit of 69197?
9
What is the hundred thousands digit of 9823321?
8
What is the hundred thousands digit of 1371781?
3
What is the units digit of 8547066?
6
What is the hundreds digit of 208969?
9
What is the hundreds digit of 625520?
5
What is the thousands digit of 954801?
4
What is the hundreds digit of 35084?
0
What is the hundred thousands digit of 9848612?
8
What is the hundreds digit of 5968786?
7
What is the ten thousands digit of 538910?
3
What is the tens digit of 89839?
3
What is the ten thousands digit of 379475?
7
What is the tens digit of 5413946?
4
What is the hundreds digit of 37954?
9
What is the ten thousands digit of 704627?
0
What is the units digit of 233384?
4
What is the thousands digit of 6693932?
3
What is the hundred thousands digit of 222575?
2
What is the thousands digit of 29629400?
9
What is the hundreds digit of 1252289?
2
What is the units digit of 411400?
0
What is the ten thousands digit of 3786573?
8
What is the tens digit of 104287?
8
What is the units digit of 1526372?
2
What is the units digit of 105430?
0
What is the units digit of 1761013?
3
What is the hundreds digit of 11499704?
7
What is the tens digit of 806871?
7
What is the millions digit of 6024581?
6
What is the millions digit of 17010571?
7
What is the tens digit of 129034?
3
What is the ten thousands digit of 16021032?
2
What is the hundreds digit of 370099?
0
What is the thousands digit of 7040996?
0
What is the tens digit of 248369?
6
What is the units digit of 175029?
9
What is the ten thousands digit of 244014?
4
What is the ten thousands digit of 48699?
4
What is the units digit of 61503?
3
What is the hundreds digit of 15890673?
6
What is the ten millions digit of 32867006?
3
What is the hundred thousands digit of 572162?
5
What is the millions digit of 3697042?
3
What is the ten thousands digit of 1769747?
6
What is the hundreds digit of 75778?
7
What is the tens digit of 175898?
9
What is the hundred thousands digit of 221938?
2
What is the hundreds digit of 81317?
3
What is the millions digit of 8346481?
8
What is the thousands digit of 811385?
1
What is the units digit of 308926?
6
What is the tens digit of 11300436?
3
What is the units digit of 2210836?
6
What is the thousands digit of 2444421?
4
What is the hundreds digit of 2079020?
0
What is the units digit of 4847184?
4
What is the units digit of 544196?
6
What is the tens digit of 10606328?
2
What is the units digit of 9472896?
6
What is the tens digit of 432464?
6
What is the tens digit of 260024?
2
What is the thousands digit of 1596449?
6
What is the thousands digit of 1412725?
2
What is the hundreds digit of 1186596?
5
What is the tens digit of 1643424?
2
What is the thousands digit of 3021538?
1
What is the thousands digit of 4220015?
0
What is the thousands digit of 1817325?
7
What is the units digit of 52683?
3
What is the thousands digit of 452715?
2
What is the hundred thousands digit of 4035048?
0
What is the ten thousands digit of 2966965?
6
What is the hundreds digit of 4065491?
4
What is the tens digit of 1821155?
5
What is the hundred thousands digit of 1425718?
4
What is the ten thousands digit of 2539770?
3
What is the ten thousands digit of 199925?
9
What is the hundreds digit of 1557421?
4
What is the hundred thousands digit of 314820?
3
What is the thousands digit of 255372?
5
What is the units digit of 975?
5
What is the hundred thousands digit of 172374?
1
What is the millions digit of 7968805?
7
What is the units digit of 253143?
3
What is the tens digit of 123615?
1
What is the hundreds digit of 11649192?
1
What is the hundred thousands digit of 720323?
7
What is the hundreds digit of 351525?
5
What is the tens digit of 559367?
6
What is the units digit of 221274?
4
What is the units digit of 143523?
3
What is the hundred thousands digit of 2284509?
2
What is the ten thousands digit of 96200?
9
What is the hundreds digit of 14486?
4
What is the tens digit of 466119?
1
What is the hundred thousands digit of 6695270?
6
What is the hundreds digit of 18415?
4
What is the thousands digit of 510227?
0
What is the thousands digit of 413540?
3
What is the thousands digit of 805250?
5
What is the hundreds digit of 610335?
3
What is the hundred thousands digit of 362162?
3
What is the tens digit of 126103?
0
What is the hundred thousands digit of 7712638?
7
What is the units digit of 16160608?
8
What is the tens digit of 16746208?
0
What is the hundreds digit of 2179920?
9
What is the hundreds digit of 3706360?
3
What is the ten thousands digit of 2353219?
5
What is the millions digit of 12558961?
2
What is the hundreds digit of 22951?
9
What is the hundreds digit of 56584?
5
What is the units digit of 13304188?
8
What is the units digit of 1775966?
6
What is the thousands digit of 3887047?
7
What is the ten thousands digit of 213860?
1
What is the units digit of 1694910?
0
What is the thousands digit of 277145?
7
What is the ten thousands digit of 1584081?
8
What is the hundreds digit of 1050744?
7
What is the hundred thousands digit of 386684?
3
What is the hundreds digit of 5625575?
5
What is the units digit of 367888?
8
What is the units digit of 387751?
1
What is the hundred thousands digit of 1278614?
2
What is the thousands digit of 421886?
1
What is the units digit of 6590350?
0
What is the thousands digit of 1456859?
6
What is the ten thousands digit of 595811?
9
What is the units digit of 145547?
7
What is the ten thousands digit of 1646704?
4
What is the ten thousands digit of 885151?
8
What is the units digit of 812503?
3
What is the hundreds digit of 36141?
1
What is the hundred thousands digit of 12139849?
1
What is the hundred thousands digit of 1372357?
3
What is the units digit of 1144184?
4
What is the ten thousands digit of 660519?
6
What is the units digit of 253241?
1
What is the units digit of 5549260?
0
What is the tens digit of 230520?
2
What is the units digit of 21447551?
1
What is the millions digit of 12769200?
2
What is the ten thousands digit of 6375448?
7
What is the units digit of 1746221?
1
What is the hundreds digit of 11109631?
6
What is the thousands digit of 27005404?
5
What is the thousands digit of 115291?
5
What is the units digit of 556918?
8
What is the millions digit of 11022980?
1
What is the tens digit of 10334054?
5
What is the hundreds digit of 1789522?
5
What is the thousands digit of 39047?
9
What is the hundreds digit of 148378?
3
What is the hundreds digit of 638615?
6
What is the millions digit of 2417825?
2
What is the hundred thousands digit of 3462821?
4
What is the hundreds digit of 18445817?
8
What is the thousands digit of 813634?
3
What is the hundreds digit of 1598277?
2
What is the thousands digit of 77108?
7
What is the thousands digit of 134016?
4
What is the units digit of 715746?
6
What is the units digit of 2763563?
3
What is the thousands digit of 350840?
0
What is the millions digit of 4634978?
4
What is the thousands digit of 2040675?
0
What is the ten thousands digit of 863345?
6
What is the tens digit of 1143639?
3
What is the millions digit of 1716675?
1
What is the ten thousands digit of 663369?
6
What is the thousands digit of 76736?
6
What is the hundreds digit of 172736?
7
What is the hundred thousands digit of 4279588?
2
What is the thousands digit of 3331690?
1
What is the hundred thousands digit of 20793791?
7
What is the thousands digit of 908228?
8
What is the thousands digit of 113848?
3
What is the ten millions digit of 29047220?
2
What is the units digit of 108222?
2
What is the ten million